)/3)/(20/(-24)). Suppose 7*d - z*d + y = -15, 5*d + 4*y + 15 = 0. Let x(g) = -11*g - 4. What is the units digit of x(d)?
9
Suppose u + 3*q - 513 + 70 = 0, 0 = q - 1. What is the units digit of u?
0
Suppose -221*x = -219*x - 2136. What is the units digit of x?
8
Let y be ((-40)/(-70))/((-4)/(-42)). Suppose -9*p = -y*p. Suppose p = 5*u - 35 - 25. What is the units digit of u?
2
What is the units digit of ((624689/(-52))/(-29))/((-2)/(-8))?
7
Let d(n) = 62*n**2 + 3*n - 3. Let q be d(1). Let r = -55 + q. What is the units digit of r?
7
Let i(d) = 235*d**2 + 14*d + 72. What is the tens digit of i(-5)?
7
Let x(t) = -t**2 - 8*t + 10. Let c(u) = u**2 + 9*u - 11. Let a(f) = 2*c(f) + 3*x(f). Let o be a(-7). What is the units digit of (8/2 + -3)*o?
1
What is the units digit of (46684/(-33))/((-12)/9)?
1
Let v = 46 + 185. Suppose v + 137 = 3*a + l, a = 4*l + 127. What is the units digit of a?
3
Let x be 3 - ((-4)/(-1) + 4). What is the units digit of (x - -9)*46/4?
6
Let u(z) = -z**2 + 7*z + 24. Let i be u(10). Let a(g) = -31*g - 2. What is the hundreds digit of a(i)?
1
Let u(f) = f**3 - 15*f**2 - 12*f - 8. Let s(d) = -1. Let j(w) = 4*s(w) - u(w). What is the hundreds digit of j(15)?
1
Let l = 55 + -82. What is the units digit of (-4)/(1 - l/(-21))?
4
What is the units digit of ((-144)/(-32))/(2/4)?
9
Let g = 2149 - 781. What is the thousands digit of g?
1
What is the hundreds digit of 24/54 - 54316/(-18)?
0
Let n = 1485 + -747. Suppose 8*q + n = 17*q. What is the tens digit of q?
8
Suppose -55*h + 42831 = -18879. What is the units digit of h?
2
Suppose 0*c - 4*c = -12. Suppose c*u + 196 = 10*u. What is the units digit of u?
8
Let n = -2960 + 4853. What is the units digit of n?
3
Let m(c) = 4*c + 0*c**2 + 13 + 12*c + 11 + c**2. What is the units digit of m(-16)?
4
Let g = 4 - 4. Suppose 0 = w - 3 - g. Suppose 0 = -0*b - 3*b + w, -5*n - 5*b + 45 = 0. What is the units digit of n?
8
Let s = 2360 - 2358. What is the units digit of s?
2
Let n = -66 + 92. Let p = n + 35. What is the tens digit of p?
6
Suppose 59 = 4*i - 45. Let d = i - 23. Suppose 231 - 54 = d*b. What is the units digit of b?
9
Suppose 11*r - 24585 = -22*r. What is the tens digit of r?
4
Suppose u = -4*n + 1612 + 2989, -2*n + 2299 = -u. What is the hundreds digit of n?
1
Let x(b) = b. Let k be x(-1). Let r(u) = -u**2 + u + 4. Let a be r(0). What is the units digit of a/((8/(-76))/k)?
8
Let t = 190 - 186. Let h(l) = l**3 + 4*l**2 + l + 2. Let z be h(-4). Let u = t - z. What is the units digit of u?
6
Let a be (-4)/(104/178) + 2/(-13). Let o = 159 + a. What is the units digit of o?
2
Let j(w) be the third derivative of w**5/20 + w**4/8 - w**3/3 + 7*w**2. Let i be j(1). Suppose 60 = i*q - 52. What is the units digit of q?
8
Suppose l - 1 = -6. What is the tens digit of (-221)/l + (-16)/(-20)?
4
Let u be 0 + (-8)/(-2)*(-4 + 5). Suppose -10 = -2*t, t = u*j + 3*t - 462. What is the hundreds digit of j?
1
Let j(v) = 14*v - 7. Let t be j(-6). Let f = t + 127. What is the tens digit of f?
3
Let g = -114 + 116. Suppose 0 = g*f - w - 330, -2*f + 2*w - 509 = -5*f. What is the tens digit of f?
6
Suppose -4*l + 603 = -l. Let t = -100 + l. What is the units digit of t?
1
Suppose 2*d = 3*m - 3220, 4*m + 7*d - 4260 = 3*d. What is the units digit of m?
0
Suppose 5*j - 4*g = 1111, -3*g + 7 - 4 = 0. What is the hundreds digit of j?
2
Suppose 11*r = 12*r + q - 458, 0 = -4*q. What is the tens digit of r?
5
Let r(k) = k**3 - 17*k**2 - 54*k + 37. What is the tens digit of r(24)?
7
Suppose -9 - 71 = 3*i - 4*c, 4*i + 2*c + 136 = 0. Let r = i + 44. Suppose -2*y + 5*d = -73, y - 5*d - 41 = -r. What is the units digit of y?
4
Suppose -6*k + k = 2*r - 4034, 5*k - 5*r = 4055. What is the units digit of k?
8
What is the units digit of 2 - ((2 - 1)/1 - 159)?
0
Let v(o) be the first derivative of 13*o + 6 + 1/2*o**2. What is the units digit of v(-11)?
2
Suppose k - 4*k = 48. Let f = -48 - k. Let q = f - -55. What is the tens digit of q?
2
Suppose -4*r = -z + 2, 0 = 5*z + 7 - 17. Suppose -m + 6*m + 3*f = 11, r = -m - 4*f - 8. Suppose m*k + k = 35. What is the units digit of k?
7
Let a = 153 - 118. What is the hundreds digit of (202/(-4))/((a/14)/(-5))?
1
Let f = 814 + -529. What is the tens digit of f?
8
Let y be ((26 - -1) + 0)/(3/87). Suppose -7*c + 771 = -y. What is the tens digit of c?
2
Let t = 72 + -42. What is the hundreds digit of (20/t)/(2/654)?
2
Let z(p) = 137*p**2 - 2*p. What is the tens digit of z(3)?
2
Suppose -y = -6*y - 3*j + 9862, 0 = 3*y + 5*j - 5930. What is the hundreds digit of y?
9
Let p(q) = -q**2 - 22*q + 8. Let o = 14 - 32. What is the tens digit of p(o)?
8
Let z = 4699 - 3126. Let x be (2/2)/(13/z). Suppose -4*g + 11 = -x. What is the tens digit of g?
3
Let i be 20/12*(3 - 0). Let x = i + -11. What is the units digit of (14/6)/((-2)/x)?
7
What is the thousands digit of 363330/264 + (-1)/4?
1
Suppose -4*o + 5*h + 1019 = 0, -6*o = -2*o - 3*h - 1029. What is the tens digit of o?
6
Let k = -1330 - -1619. What is the tens digit of k?
8
Let i = -86 - -93. Let u(m) = 9*m - 9. What is the units digit of u(i)?
4
Let c = -3 + 5. Let g = -167 + 172. Suppose 87 = -c*s + g*s. What is the units digit of s?
9
Let r(f) = 4*f**2 - 23*f - 5. Let o be r(-11). Suppose -5*b + o = 4*x, -3*b - 2*x = 3*x - 447. What is the units digit of b?
4
Let c = -79 - -104. Suppose c*d + 489 = 28*d. What is the units digit of d?
3
Suppose 2*n - 4*y - 35 = -n, 3*n = -5*y + 44. Let a = -13 + n. Suppose 5*l - 2*o - 47 - 37 = a, o + 50 = 3*l. What is the tens digit of l?
1
Let n be 41/4 - 1/4. Let l(x) = 3*x**2 - 8*x - 22. Let g be l(-3). Suppose p + g = j, n = -j - 4*p + 44. What is the tens digit of j?
3
What is the thousands digit of (3 - (-3 - -4)) + 15 + 1385?
1
Let x(v) = v**2 - 8*v + 8. Let s be x(7). Let q be 1 - s/((-2)/6). Suppose -q*m = -5 + 1, 4*k = 3*m + 93. What is the tens digit of k?
2
Let m = 3612 - 2299. What is the units digit of m?
3
Let a(q) = q**2 - 6*q - 20. What is the units digit of a(-14)?
0
Let t = 6099 + -4079. What is the hundreds digit of t?
0
Suppose -30*c + 35887 - 8497 = 0. What is the units digit of c?
3
Suppose 0 = 65*i - 15*i - 106250. What is the units digit of i?
5
Let r(z) = -47*z - 1. Let t be r(-1). Suppose 2*j - 26 = t. What is the units digit of j?
6
Let z(l) = -9*l + 11. Let d(m) = -44*m + 56. Let n(f) = 3*d(f) - 16*z(f). Let t = -110 + 115. What is the units digit of n(t)?
2
Let i be (6/9)/(6/(-9)). Let d(q) = 3*q**3 - 2*q**2 - q. Let y be d(i). What is the tens digit of 2/(-8) + (-61)/y?
1
Let o = -338 - -1895. What is the hundreds digit of o?
5
Suppose -4*x + 6 = -5*d - 0*d, 5*x = 2*d + 16. Let c(l) = 3 - 5 + 0*l**2 - 3 + l**d. What is the units digit of c(-7)?
4
Let k = -16 - -30. Suppose 6*v - 4*v = -k. What is the units digit of v/(-42) + (-53)/(-6)?
9
Suppose -2*c = -5*l - c - 5, 3*l = 5*c + 19. Let v be l/(-1) + -58 + 9. Let m = v - -81. What is the units digit of m?
4
Let u = 178 - 125. Suppose 3*g + g = -3*y - 73, 3*y = -g - 79. Let m = y + u. What is the tens digit of m?
2
Let b be (0 - (-4)/2) + (-6)/(-6). Let z = b + 19. What is the units digit of z?
2
Suppose 6*o - 30*o = -1560. What is the tens digit of o?
6
What is the tens digit of 2448*(-9 - 39/(-4))?
3
Suppose -t + 0*y + 3205 = 5*y, -t + 2*y = -3205. What is the units digit of t?
5
Suppose -4*o = -3*n + 15, 5*o - o - 10 = -2*n. Suppose 0*v = -n*v + 670. What is the tens digit of v?
3
Let g(l) = l**3 + 0*l**2 + 3 + l**2 + 0*l**2 - 1. Let u be g(0). Suppose 0*f = f - 3*d + 8, 14 = u*f + 4*d. What is the units digit of f?
1
Let g(y) = -9*y + 18. Suppose 0 = -o - 28 + 11. What is the units digit of g(o)?
1
Suppose 0 = 3*m - 3 - 9. Let y be -8*(3 - 13/m). What is the tens digit of (-1 + 42)*1 + y?
4
What is the tens digit of -4518*(6 - 40/6)?
1
Let q = 139 - 78. Suppose -6*c - q = -877. What is the tens digit of c?
3
Suppose -35*l - 68094 = -89*l. What is the hundreds digit of l?
2
Let l be 493/153 + (-4)/18. Suppose -426 = -l*f - 120. What is the tens digit of f?
0
Let b = -20 + 20. What is the units digit of 1*(3 + -2) + (b - -6)?
7
Suppose 5*l = 41 + 214. Suppose 0 = -g - 0*g + l. Let t = g + -29. What is the tens digit of t?
2
Let w = 26 + -16. Let x be ((-56)/w)/((-10)/25). What is the units digit of (-14)/(-49) - (-80)/x?
6